pose -q = -f - 10. Let y = f - 39. What is the remainder when 74 is divided by y?
10
What is the remainder when 632 - (-26 - -12) - 5 is divided by 15?
11
Let c(s) = 5*s + 2. Let t be c(4). Let f = 31 - t. Suppose -m = -5*z + 125, 4*z - 10*m = -7*m + 89. What is the remainder when z is divided by f?
8
Suppose 12*k - 30 = 7*k. Let o(j) = -8*j + 55. Let m be o(7). What is the remainder when (-14)/(-8) + m - (-606)/24 is divided by k?
2
Suppose -13*r + 7*r = 1200. What is the remainder when 14 is divided by (r/30)/(4/(-3))?
4
What is the remainder when (((-14)/(-8))/(-1) + 4)/((-4)/(-7232)) is divided by 74?
72
Let b(m) = -26*m**3 - m**2 + m. Suppose 9 - 102 = -2*d - 3*s, -4*d - 2*s = -182. Calculate the remainder when d is divided by b(-1).
21
Calculate the remainder when (-63)/(-42) - ((-2)/(-7) + 13073/(-14)) is divided by 39.
38
Suppose 4*o = 2*i - o - 101, 0 = -5*o + 5. Suppose 6*k - 5*c - i = 4*k, -k + 26 = -2*c. Calculate the remainder when 190 is divided by k.
22
Let t = -513 + 558. What is the remainder when (-18)/t - 2310/(-25) is divided by 56?
36
Calculate the remainder when (4/(-12) - 4/(-3))*171647/49 is divided by 16.
15
Let y(t) = -4*t - 16. Suppose 20 = -2*f - 2*f. Let w be y(f). Suppose -2*a = w*a - 342. Calculate the remainder when a is divided by 12.
9
What is the remainder when 1299/6 - (-2)/4 is divided by 37?
32
Let c(x) = -9*x + 59. Let j be c(7). Let w be 1*(139 + 1)/j. Calculate the remainder when 6/10 + (-959)/w is divided by 11.
6
Let l be -28 - -332 - (1 + (1 - 2)). Suppose -92 - l = -22*t. Calculate the remainder when t is divided by 15.
3
Suppose -3*n - 23 + 16 = -2*w, 3*n = -w + 17. Let v(o) = -o**3 + 9*o**2 + 4. What is the remainder when v(w) is divided by 35?
33
Let w(k) = k**2 + 133*k + 1232. Calculate the remainder when w(-131) is divided by 241.
6
Suppose 19*h - 1584 = 1418. What is the remainder when h is divided by 38?
6
Suppose 3*o + o = 3*t + 269, -316 = -5*o - 3*t. Let n = o + -20. Calculate the remainder when n is divided by 15.
0
Suppose 6973*t - 749 = 6966*t. Let b = -78 - -137. Calculate the remainder when t is divided by b.
48
Suppose 0 = 2*z - 0 + 6, 4*h + 1268 = 4*z. Let c = h + 350. What is the remainder when 72 is divided by c?
12
Let f(p) = 4*p + 168. Let q(k) = k**3 + 3*k**2 - 4. Let h be q(-2). Let v be f(h). Suppose -v = 3*c - 11*c. What is the remainder when 62 is divided by c?
20
Let m = 316 + -92. Calculate the remainder when 197 is divided by -9 - (-19)/(76/m).
9
What is the remainder when (19 - 3803)/(-22) + (-6 - 2) is divided by 40?
4
Let w(x) = -x**3 - 23*x**2 - 4*x - 82. Suppose 0 = 17*a + 10*a + 621. Calculate the remainder when 218 is divided by w(a).
8
Suppose 89 = -5*s + 4*g - 76, -2*s + 5*g = 66. Suppose -2*f - a = -37, 4*f + 22*a = 18*a + 68. Calculate the remainder when (177/(-4))/(s/88) is divided by f.
18
Let h be (-459)/24*-4*2. Let x = h - 111. What is the remainder when 112 is divided by x?
28
Suppose 2*a - 8302 = -5*a. Let c = a - 766. Suppose 0 = 10*t + 4*t - c. What is the remainder when t is divided by 16?
14
What is the remainder when 102 is divided by 3477/(-38)*(5 + -3 - 16/6)?
41
Let h(u) = -u**3 + 8*u**2 - 3*u - 5. Suppose 0 = 2*f + b - 15, -6*f + 3 = -5*f - 4*b. Calculate the remainder when (-460)/(-7) - 8/(-28) is divided by h(f).
20
Suppose -2464578 - 170599 = -75*u - 166627. What is the remainder when u is divided by 52?
50
Let f be 23/7 - (-6)/(-21). Let p(d) = 29*d - 24. What is the remainder when p(f) is divided by 17?
12
Let n = 2900 + -2816. Calculate the remainder when 334 is divided by n.
82
Suppose 45 = 5*i + 5*z, 2 = 2*z - 2. Let w be 232/i - 3/21. Calculate the remainder when 32 is divided by ((-1)/(-2) + -1)*(-1 - w).
15
Suppose 208*d + 1426 = 207*d. What is the remainder when (-2045)/(-23) - 124/d is divided by 28?
5
Let a = 3309 + -3287. What is the remainder when 1561 is divided by a?
21
Suppose -153*c - 54*c = 237*c - 2461980. Calculate the remainder when c is divided by 15.
10
Suppose -2*j = b - 9, -4*j = -b - 4 - 5. Suppose w + 0*w = j. Calculate the remainder when w is divided by 1005/1675*3/(6/10).
0
Suppose -s + 4 = -t, -2*s = 4*t - 15 - 11. Let r(l) = -l**3 - 16*l**2 + 15*l - 33. What is the remainder when s is divided by r(-17)?
0
Suppose -8*y + 4*c + 164 = -3*y, -c - 1 = 0. Let h = -268543 + 268545. What is the remainder when y is divided by h?
0
Let k(u) = u**2 - 21*u - 41. Let j be k(23). Suppose n - 112 = 5*x - 303, 188 = j*x + 2*n. What is the remainder when 379 is divided by x?
37
Let s(f) = 4*f**2 + f + 8. Let l(h) = -188*h - 2394. Calculate the remainder when s(-7) is divided by l(-13).
47
Let k(f) = -f + 10*f - 115 + 0. Let a(j) = 5*j - 57. Let r(g) = 7*a(g) - 4*k(g). What is the remainder when 137 is divided by r(15)?
45
Let a(m) = -5*m**2 + 814 + 0*m**2 - 808. Let s be a(-2). Calculate the remainder when 42 is divided by 2*12/56 + (-302)/s.
20
Suppose 23*c - 22*c - 23 = -i, -i + 8 = 0. What is the remainder when 5699 is divided by c?
14
Suppose 4*o = 3*y - 313 - 669, -1634 = -5*y + 4*o. What is the remainder when y is divided by 81?
2
Let n = -867 - -871. Let q(w) = 15*w**3 - 4*w**2 + 2*w + 6. What is the remainder when q(n) is divided by 11?
8
Let p = -22233 + 22273. What is the remainder when 2834 is divided by p?
34
Let y = 15 + 21. Let k = 185 - 268. Let r = k - -96. Calculate the remainder when y is divided by r.
10
Let x be ((18/7)/9)/((-2)/(-14)). Suppose 172 = 3*j - 0*t - x*t, 3*t = 5*j - 286. What is the remainder when 167 is divided by j?
55
Let v(z) = -28*z + 791. Suppose 0 = 4*y + 3*a - 21, 4*a + 0*a = -2*y - 2. What is the remainder when v(27) is divided by y?
8
Let o = 132 + -62. Let z(s) = -2*s**3 - s**2 + 3. Let r be z(2). Let v = -8 - r. Calculate the remainder when o is divided by v.
7
Suppose -15*h + 50*h - 3626 = 21*h. What is the remainder when h is divided by 22?
17
Let i(a) = 418*a**2 - 4*a - 2. Let c be i(-1). Suppose c*j - 460 = 418*j. What is the remainder when j is divided by 11?
10
Let f = 134208 + -134087. Let q(i) = 40*i**2 - 3*i. Let v be q(2). Calculate the remainder when f is divided by (-4)/6 + v/6.
21
Let o(j) = 107*j + 4282. What is the remainder when 870 is divided by o(-39)?
107
Let k = -7573 + 10644. What is the remainder when k is divided by 54?
47
Let t = 9298 + -9206. What is the remainder when t is divided by 54?
38
Let p(b) = b**3 - 2*b**2 - 38*b + 11626. Calculate the remainder when p(0) is divided by 29.
26
Let j(a) = -18*a**3 + 142*a**2 + 24*a + 22. What is the remainder when j(8) is divided by 40/2 + (-6)/(-3)?
20
Let g = -954 - -938. Let s(i) = -i**3 + i**2 + 4*i - 3. What is the remainder when 2*(-2)/g*20 is divided by s(2)?
0
Let c(a) be the second derivative of 9*a**4 - 2*a**3/3 - 77*a. Calculate the remainder when c(-1) is divided by 38.
36
Let x(f) = -60*f + 5. Let z(u) = -61*u + 7. Let k(n) = -4*x(n) + 3*z(n). Calculate the remainder when k(4) is divided by 33.
31
Suppose h = 2*d + 831, -10*h + 15*h = 2*d + 4179. Calculate the remainder when h is divided by 35.
32
Suppose -5*v + 10*v = -25. Let m(i) = -5*i - 30. Let t be m(v). Let h(w) = -6*w - 2. What is the remainder when h(t) is divided by 8?
4
Let y = -11802 - -11907. Suppose 3*l + l - 216 = 0. Calculate the remainder when y is divided by l.
51
Let s = 69 + -21. Let k(f) = -f**3 + 20*f**2 + 25. Let c be k(20). Calculate the remainder when s is divided by (-5)/c + (-393)/(-15).
22
Suppose t - 4*x = -2, -x = 5*t + 2*x + 10. Let b be (21 - -1) + -1 + t + 1. What is the remainder when 19 is divided by ((-4)/6)/(b/(-210))?
5
Suppose 4*q + 39 - 7 = 0. Let g be (q + 4)*6/(-8). Suppose -c + 2*v + 22 = g*v, -c + 4*v + 7 = 0. Calculate the remainder when 56 is divided by c.
18
Let s = -2833 + 2848. What is the remainder when 762 is divided by s?
12
Suppose -3*c + 22 = 3*g - 23, -5*c = 0. Suppose a + 2*w = 76, -4*w + 352 = 13*a - 9*a. Calculate the remainder when a is divided by g.
10
Let v be 15/1 - 7/((-56)/(-32)). Suppose v*z = -49 + 1127. What is the remainder when z is divided by 26?
20
Let y = 586 + -587. Let s = 918 - y. Calculate the remainder when s is divided by 23.
22
Let c be ((-2)/(-10))/((-98)/(-490)). Suppose -2*o - 195 = -7*o. Suppose 0 = x - 2*v - 13 + c, 4*x - o = -v. Calculate the remainder when 32 is div